{"id":2368,"date":"2026-03-29T08:13:45","date_gmt":"2026-03-29T08:13:45","guid":{"rendered":"https:\/\/www.coop-acasa.pt\/?page_id=2368"},"modified":"2026-03-29T08:18:11","modified_gmt":"2026-03-29T08:18:11","slug":"quanto-ira-custar-viver-no-complexo-de-s-isidro-de-pegoes","status":"publish","type":"page","link":"https:\/\/www.coop-acasa.pt\/index.php\/quanto-ira-custar-viver-no-complexo-de-s-isidro-de-pegoes\/","title":{"rendered":"Quanto ir\u00e1 custar viver no complexo de S. Isidro de Peg\u00f5es?"},"content":{"rendered":"<div style=\"text-align:justify; display: flex; flex-wrap: wrap;\">\n<div class=\"designbox\" style=\"width:65%; min-width:300px; background-color: #516a43; border-radius: 20px; color:white; padding:15px\">\n<ul>\n<li><b>\u00c0 DATA DE HOJE A NOSSA PREVIS\u00c3O PARA OS CUSTOS OPERACIONAIS<\/b>, \u00e9 que ser\u00e3o cobertos com fundos com 3 origens<\/li>\n<li>QUOTA mensal &#8211; 100\u20ac\/m\u00eas por cooperador<\/li>\n<li>TAXA HABITACIONAL mensal  T0: 400 \u20ac  \/ T1: 565\u20ac \/ T2: 729 \u20ac (valores em fun\u00e7\u00e3o da \u00e1rea da habita\u00e7\u00e3o)<\/li>\n<li>PPU &#8211; Receitas dos servi\u00e7os pagos de acordo com a utiliza\u00e7\u00e3o <\/li>\n<li><b>Nota importante: Os valores apresentados s\u00e3o previs\u00f5es. Est\u00e3o sujeitos a altera\u00e7\u00f5es.<\/b><\/li>\n<\/ul>\n<\/div>\n<div style=\"width:30%; margin:auto\">\n<img style=\"max-height: 300px;min-width:200px;\" src=\"https:\/\/www.coop-acasa.pt\/wp-content\/uploads\/2025\/02\/esta-feito8.jpg\" class=\"neve-site-logo skip-lazy\" alt=\"\" data-variant=\"logo\" decoding=\"async\">\n<\/div>\n<\/div>\n<p style=\"height:20px\">\n","protected":false},"excerpt":{"rendered":"<p>\u00c0 DATA DE HOJE A NOSSA PREVIS\u00c3O PARA OS CUSTOS OPERACIONAIS, \u00e9 que ser\u00e3o cobertos com fundos com 3 origens QUOTA mensal &#8211; 100\u20ac\/m\u00eas por cooperador TAXA HABITACIONAL mensal T0: 400 \u20ac \/ T1: 565\u20ac \/ T2: 729 \u20ac (valores em fun\u00e7\u00e3o da \u00e1rea da habita\u00e7\u00e3o) PPU &#8211; Receitas dos servi\u00e7os pagos de acordo com [&hellip;]<\/p>\n","protected":false},"author":1,"featured_media":0,"parent":0,"menu_order":0,"comment_status":"closed","ping_status":"closed","template":"","meta":{"footnotes":""},"class_list":["post-2368","page","type-page","status-publish","hentry"],"blocksy_meta":[],"yoast_head":"<!-- This site is optimized with the Yoast SEO plugin v25.5 - https:\/\/yoast.com\/wordpress\/plugins\/seo\/ -->\n<title>Quanto ir\u00e1 custar viver no complexo de S. Isidro de Peg\u00f5es? - A Casa<\/title>\n<meta name=\"robots\" content=\"index, follow, max-snippet:-1, max-image-preview:large, max-video-preview:-1\" \/>\n<link rel=\"canonical\" href=\"https:\/\/www.coop-acasa.pt\/index.php\/quanto-ira-custar-viver-no-complexo-de-s-isidro-de-pegoes\/\" \/>\n<script type=\"application\/ld+json\" class=\"yoast-schema-graph\">{\"@context\":\"https:\/\/schema.org\",\"@graph\":[{\"@type\":\"WebPage\",\"@id\":\"https:\/\/www.coop-acasa.pt\/index.php\/quanto-ira-custar-viver-no-complexo-de-s-isidro-de-pegoes\/\",\"url\":\"https:\/\/www.coop-acasa.pt\/index.php\/quanto-ira-custar-viver-no-complexo-de-s-isidro-de-pegoes\/\",\"name\":\"Quanto ir\u00e1 custar viver no complexo de S. Isidro de Peg\u00f5es? - A Casa\",\"isPartOf\":{\"@id\":\"https:\/\/www.coop-acasa.pt\/#website\"},\"primaryImageOfPage\":{\"@id\":\"https:\/\/www.coop-acasa.pt\/index.php\/quanto-ira-custar-viver-no-complexo-de-s-isidro-de-pegoes\/#primaryimage\"},\"image\":{\"@id\":\"https:\/\/www.coop-acasa.pt\/index.php\/quanto-ira-custar-viver-no-complexo-de-s-isidro-de-pegoes\/#primaryimage\"},\"thumbnailUrl\":\"https:\/\/www.coop-acasa.pt\/wp-content\/uploads\/2025\/02\/esta-feito8.jpg\",\"datePublished\":\"2026-03-29T08:13:45+00:00\",\"dateModified\":\"2026-03-29T08:18:11+00:00\",\"breadcrumb\":{\"@id\":\"https:\/\/www.coop-acasa.pt\/index.php\/quanto-ira-custar-viver-no-complexo-de-s-isidro-de-pegoes\/#breadcrumb\"},\"inLanguage\":\"pt-PT\",\"potentialAction\":[{\"@type\":\"ReadAction\",\"target\":[\"https:\/\/www.coop-acasa.pt\/index.php\/quanto-ira-custar-viver-no-complexo-de-s-isidro-de-pegoes\/\"]}]},{\"@type\":\"ImageObject\",\"inLanguage\":\"pt-PT\",\"@id\":\"https:\/\/www.coop-acasa.pt\/index.php\/quanto-ira-custar-viver-no-complexo-de-s-isidro-de-pegoes\/#primaryimage\",\"url\":\"https:\/\/www.coop-acasa.pt\/wp-content\/uploads\/2025\/02\/esta-feito8.jpg\",\"contentUrl\":\"https:\/\/www.coop-acasa.pt\/wp-content\/uploads\/2025\/02\/esta-feito8.jpg\"},{\"@type\":\"BreadcrumbList\",\"@id\":\"https:\/\/www.coop-acasa.pt\/index.php\/quanto-ira-custar-viver-no-complexo-de-s-isidro-de-pegoes\/#breadcrumb\",\"itemListElement\":[{\"@type\":\"ListItem\",\"position\":1,\"name\":\"In\u00edcio\",\"item\":\"https:\/\/www.coop-acasa.pt\/\"},{\"@type\":\"ListItem\",\"position\":2,\"name\":\"Quanto ir\u00e1 custar viver no complexo de S. Isidro de Peg\u00f5es?\"}]},{\"@type\":\"WebSite\",\"@id\":\"https:\/\/www.coop-acasa.pt\/#website\",\"url\":\"https:\/\/www.coop-acasa.pt\/\",\"name\":\"HCAC\",\"description\":\"Habita\u00e7\u00e3o Colaborativa\",\"publisher\":{\"@id\":\"https:\/\/www.coop-acasa.pt\/#organization\"},\"potentialAction\":[{\"@type\":\"SearchAction\",\"target\":{\"@type\":\"EntryPoint\",\"urlTemplate\":\"https:\/\/www.coop-acasa.pt\/?s={search_term_string}\"},\"query-input\":{\"@type\":\"PropertyValueSpecification\",\"valueRequired\":true,\"valueName\":\"search_term_string\"}}],\"inLanguage\":\"pt-PT\"},{\"@type\":\"Organization\",\"@id\":\"https:\/\/www.coop-acasa.pt\/#organization\",\"name\":\"HCAC\",\"url\":\"https:\/\/www.coop-acasa.pt\/\",\"logo\":{\"@type\":\"ImageObject\",\"inLanguage\":\"pt-PT\",\"@id\":\"https:\/\/www.coop-acasa.pt\/#\/schema\/logo\/image\/\",\"url\":\"http:\/\/www.coop-acasa.pt\/wp-content\/uploads\/2024\/02\/cropped-logotipo-1.jpg\",\"contentUrl\":\"http:\/\/www.coop-acasa.pt\/wp-content\/uploads\/2024\/02\/cropped-logotipo-1.jpg\",\"width\":512,\"height\":512,\"caption\":\"HCAC\"},\"image\":{\"@id\":\"https:\/\/www.coop-acasa.pt\/#\/schema\/logo\/image\/\"}}]}<\/script>\n<!-- \/ Yoast SEO plugin. -->","yoast_head_json":{"title":"Quanto ir\u00e1 custar viver no complexo de S. Isidro de Peg\u00f5es? - A Casa","robots":{"index":"index","follow":"follow","max-snippet":"max-snippet:-1","max-image-preview":"max-image-preview:large","max-video-preview":"max-video-preview:-1"},"canonical":"https:\/\/www.coop-acasa.pt\/index.php\/quanto-ira-custar-viver-no-complexo-de-s-isidro-de-pegoes\/","schema":{"@context":"https:\/\/schema.org","@graph":[{"@type":"WebPage","@id":"https:\/\/www.coop-acasa.pt\/index.php\/quanto-ira-custar-viver-no-complexo-de-s-isidro-de-pegoes\/","url":"https:\/\/www.coop-acasa.pt\/index.php\/quanto-ira-custar-viver-no-complexo-de-s-isidro-de-pegoes\/","name":"Quanto ir\u00e1 custar viver no complexo de S. Isidro de Peg\u00f5es? - A Casa","isPartOf":{"@id":"https:\/\/www.coop-acasa.pt\/#website"},"primaryImageOfPage":{"@id":"https:\/\/www.coop-acasa.pt\/index.php\/quanto-ira-custar-viver-no-complexo-de-s-isidro-de-pegoes\/#primaryimage"},"image":{"@id":"https:\/\/www.coop-acasa.pt\/index.php\/quanto-ira-custar-viver-no-complexo-de-s-isidro-de-pegoes\/#primaryimage"},"thumbnailUrl":"https:\/\/www.coop-acasa.pt\/wp-content\/uploads\/2025\/02\/esta-feito8.jpg","datePublished":"2026-03-29T08:13:45+00:00","dateModified":"2026-03-29T08:18:11+00:00","breadcrumb":{"@id":"https:\/\/www.coop-acasa.pt\/index.php\/quanto-ira-custar-viver-no-complexo-de-s-isidro-de-pegoes\/#breadcrumb"},"inLanguage":"pt-PT","potentialAction":[{"@type":"ReadAction","target":["https:\/\/www.coop-acasa.pt\/index.php\/quanto-ira-custar-viver-no-complexo-de-s-isidro-de-pegoes\/"]}]},{"@type":"ImageObject","inLanguage":"pt-PT","@id":"https:\/\/www.coop-acasa.pt\/index.php\/quanto-ira-custar-viver-no-complexo-de-s-isidro-de-pegoes\/#primaryimage","url":"https:\/\/www.coop-acasa.pt\/wp-content\/uploads\/2025\/02\/esta-feito8.jpg","contentUrl":"https:\/\/www.coop-acasa.pt\/wp-content\/uploads\/2025\/02\/esta-feito8.jpg"},{"@type":"BreadcrumbList","@id":"https:\/\/www.coop-acasa.pt\/index.php\/quanto-ira-custar-viver-no-complexo-de-s-isidro-de-pegoes\/#breadcrumb","itemListElement":[{"@type":"ListItem","position":1,"name":"In\u00edcio","item":"https:\/\/www.coop-acasa.pt\/"},{"@type":"ListItem","position":2,"name":"Quanto ir\u00e1 custar viver no complexo de S. Isidro de Peg\u00f5es?"}]},{"@type":"WebSite","@id":"https:\/\/www.coop-acasa.pt\/#website","url":"https:\/\/www.coop-acasa.pt\/","name":"HCAC","description":"Habita\u00e7\u00e3o Colaborativa","publisher":{"@id":"https:\/\/www.coop-acasa.pt\/#organization"},"potentialAction":[{"@type":"SearchAction","target":{"@type":"EntryPoint","urlTemplate":"https:\/\/www.coop-acasa.pt\/?s={search_term_string}"},"query-input":{"@type":"PropertyValueSpecification","valueRequired":true,"valueName":"search_term_string"}}],"inLanguage":"pt-PT"},{"@type":"Organization","@id":"https:\/\/www.coop-acasa.pt\/#organization","name":"HCAC","url":"https:\/\/www.coop-acasa.pt\/","logo":{"@type":"ImageObject","inLanguage":"pt-PT","@id":"https:\/\/www.coop-acasa.pt\/#\/schema\/logo\/image\/","url":"http:\/\/www.coop-acasa.pt\/wp-content\/uploads\/2024\/02\/cropped-logotipo-1.jpg","contentUrl":"http:\/\/www.coop-acasa.pt\/wp-content\/uploads\/2024\/02\/cropped-logotipo-1.jpg","width":512,"height":512,"caption":"HCAC"},"image":{"@id":"https:\/\/www.coop-acasa.pt\/#\/schema\/logo\/image\/"}}]}},"_links":{"self":[{"href":"https:\/\/www.coop-acasa.pt\/index.php\/wp-json\/wp\/v2\/pages\/2368","targetHints":{"allow":["GET"]}}],"collection":[{"href":"https:\/\/www.coop-acasa.pt\/index.php\/wp-json\/wp\/v2\/pages"}],"about":[{"href":"https:\/\/www.coop-acasa.pt\/index.php\/wp-json\/wp\/v2\/types\/page"}],"author":[{"embeddable":true,"href":"https:\/\/www.coop-acasa.pt\/index.php\/wp-json\/wp\/v2\/users\/1"}],"replies":[{"embeddable":true,"href":"https:\/\/www.coop-acasa.pt\/index.php\/wp-json\/wp\/v2\/comments?post=2368"}],"version-history":[{"count":2,"href":"https:\/\/www.coop-acasa.pt\/index.php\/wp-json\/wp\/v2\/pages\/2368\/revisions"}],"predecessor-version":[{"id":2374,"href":"https:\/\/www.coop-acasa.pt\/index.php\/wp-json\/wp\/v2\/pages\/2368\/revisions\/2374"}],"wp:attachment":[{"href":"https:\/\/www.coop-acasa.pt\/index.php\/wp-json\/wp\/v2\/media?parent=2368"}],"curies":[{"name":"wp","href":"https:\/\/api.w.org\/{rel}","templated":true}]}}