{"id":993,"date":"2025-02-25T19:29:31","date_gmt":"2025-02-25T19:29:31","guid":{"rendered":"https:\/\/www.hcac.pt\/wordpress\/?page_id=993"},"modified":"2025-07-22T19:44:36","modified_gmt":"2025-07-22T19:44:36","slug":"servicos-habitacionais","status":"publish","type":"page","link":"https:\/\/www.coop-acasa.pt\/index.php\/servicos-habitacionais\/","title":{"rendered":"Servi\u00e7os Habitacionais"},"content":{"rendered":"<div class=\"anterior\">\n<form>\n <input type=\"button\" value=\"&#8249; P\u00e1gina anterior\" onclick=\"history.back()\"><br \/>\n<\/form>\n<\/div>\n<div style=\"display: flex; flex-wrap: wrap; text-align:center\">\n<div class=\"designbox\" style=\"width: 22%; padding: 0px; text-align: center; min-width:170px; margin-top:20px;\">\n<div style=\"height: 130px; margin-bottom:20px\"><img style=\"height: 100%; width: 100%;  object-fit: cover\" src=\"https:\/\/www.coop-acasa.pt\/wp-content\/uploads\/2025\/02\/habitacionais1.png\" class=\"neve-site-logo skip-lazy\" alt=\"\" data-variant=\"logo\" decoding=\"async\"><br \/><span style=\"padding:20px\"><\/div>\n<p>Manuten\u00e7\u00e3o das instala\u00e7\u00f5es<\/span><\/div>\n<div class=\"designbox\" style=\"width: 22%; padding: 0px; text-align: center; min-width:170px; margin-top:20px;\">\n<div style=\"height: 130px; margin-bottom:20px\"><img style=\"height: 100%; width: 100%;  object-fit: cover\" src=\"https:\/\/www.coop-acasa.pt\/wp-content\/uploads\/2025\/02\/habitacionais2.jpg\" class=\"neve-site-logo skip-lazy\" alt=\"\" data-variant=\"logo\" decoding=\"async\"><\/div>\n<p>Seguran\u00e7a<\/p><\/div>\n<div class=\"designbox\" style=\"width: 22%; padding: 0px; text-align: center; min-width:170px; margin-top:20px;\">\n<div style=\"height: 130px; margin-bottom:20px\"><img style=\"height: 100%; width: 100%;  object-fit: cover\" src=\"https:\/\/www.coop-acasa.pt\/wp-content\/uploads\/2025\/02\/habitacionais3.jpg\" class=\"neve-site-logo skip-lazy\" alt=\"\" data-variant=\"logo\" decoding=\"async\"><\/div>\n<p>Monitoriza\u00e7\u00e3o das condi\u00e7\u00f5es<\/p><\/div>\n<div class=\"designbox\" style=\"width: 22%; padding: 0px; text-align: center; min-width:170px; margin-top:20px;\">\n<div style=\"height: 130px; margin-bottom:20px\"><img style=\"height: 100%; width: 100%;  object-fit: cover\" src=\"https:\/\/www.coop-acasa.pt\/wp-content\/uploads\/2025\/02\/habitacionais4.jpg\" class=\"neve-site-logo skip-lazy\" alt=\"\" data-variant=\"logo\" decoding=\"async\"><\/div>\n<p>Rentabiliza\u00e7\u00e3o dos espa\u00e7os<\/p><\/div>\n<div class=\"designbox\" style=\"width: 22%; padding: 0px; text-align: center; min-width:170px; margin-top:20px;\">\n<div style=\"height: 130px; margin-bottom:20px\"><img style=\"height: 100%; width: 100%;  object-fit: cover\" src=\"https:\/\/www.coop-acasa.pt\/wp-content\/uploads\/2025\/02\/habitacionais5.jpg\" class=\"neve-site-logo skip-lazy\" alt=\"\" data-variant=\"logo\" decoding=\"async\"><br \/><span style=\"padding:20px\"><\/div>\n<p>Rece\u00e7\u00e3o<\/span><\/div>\n<div class=\"designbox\" style=\"width: 22%; padding: 0px; text-align: center; min-width:170px; margin-top:20px;\">\n<div style=\"height: 130px; margin-bottom:20px\"><img style=\"height: 100%; width: 100%;  object-fit: cover\" src=\"https:\/\/www.coop-acasa.pt\/wp-content\/uploads\/2025\/02\/habitacionais6.jpg\" class=\"neve-site-logo skip-lazy\" alt=\"\" data-variant=\"logo\" decoding=\"async\"><\/div>\n<p>Transportes<\/p><\/div>\n<div class=\"designbox\" style=\"width: 22%; padding: 0px; text-align: center; min-width:170px; margin-top:20px;\">\n<div style=\"height: 130px; margin-bottom:20px\"><img style=\"height: 100%; width: 100%;  object-fit: cover\" src=\"https:\/\/www.coop-acasa.pt\/wp-content\/uploads\/2025\/02\/habitacionais7.jpg\" class=\"neve-site-logo skip-lazy\" alt=\"\" data-variant=\"logo\" decoding=\"async\"><\/div>\n<p>Encomendas<\/p><\/div>\n<div class=\"designbox\" style=\"width: 22%; padding: 0px; text-align: center; min-width:170px; margin-top:20px;\">\n<div style=\"height: 130px; margin-bottom:20px\"><img style=\"height: 100%; width: 100%;  object-fit: cover\" src=\"https:\/\/www.coop-acasa.pt\/wp-content\/uploads\/2025\/02\/habitacionais8.jpg\" class=\"neve-site-logo skip-lazy\" alt=\"\" data-variant=\"logo\" decoding=\"async\"><\/div>\n<p>Caminhos e Jardins<\/p><\/div>\n<\/div>\n<p style=\"height:10px\">\n","protected":false},"excerpt":{"rendered":"<p>Manuten\u00e7\u00e3o das instala\u00e7\u00f5es Seguran\u00e7a Monitoriza\u00e7\u00e3o das condi\u00e7\u00f5es Rentabiliza\u00e7\u00e3o dos espa\u00e7os Rece\u00e7\u00e3o Transportes Encomendas Caminhos e Jardins<\/p>\n","protected":false},"author":1,"featured_media":0,"parent":0,"menu_order":0,"comment_status":"closed","ping_status":"closed","template":"","meta":{"footnotes":""},"class_list":["post-993","page","type-page","status-publish","hentry"],"blocksy_meta":[],"yoast_head":"<!-- This site is optimized with the Yoast SEO plugin v25.5 - https:\/\/yoast.com\/wordpress\/plugins\/seo\/ -->\n<title>Servi\u00e7os Habitacionais - A Casa<\/title>\n<meta name=\"description\" content=\"cooperativas de habita\u00e7\u00e3o cohousing cooperativas de habita\u00e7\u00e3o envelhecimento ativo coop acasa portugal lisboa\" \/>\n<meta name=\"robots\" content=\"index, follow, max-snippet:-1, max-image-preview:large, max-video-preview:-1\" \/>\n<link rel=\"canonical\" href=\"https:\/\/www.coop-acasa.pt\/index.php\/servicos-habitacionais\/\" \/>\n<script type=\"application\/ld+json\" class=\"yoast-schema-graph\">{\"@context\":\"https:\/\/schema.org\",\"@graph\":[{\"@type\":\"WebPage\",\"@id\":\"https:\/\/www.coop-acasa.pt\/index.php\/servicos-habitacionais\/\",\"url\":\"https:\/\/www.coop-acasa.pt\/index.php\/servicos-habitacionais\/\",\"name\":\"Servi\u00e7os Habitacionais - A Casa\",\"isPartOf\":{\"@id\":\"https:\/\/www.coop-acasa.pt\/#website\"},\"primaryImageOfPage\":{\"@id\":\"https:\/\/www.coop-acasa.pt\/index.php\/servicos-habitacionais\/#primaryimage\"},\"image\":{\"@id\":\"https:\/\/www.coop-acasa.pt\/index.php\/servicos-habitacionais\/#primaryimage\"},\"thumbnailUrl\":\"https:\/\/www.coop-acasa.pt\/wp-content\/uploads\/2025\/02\/habitacionais1.png\",\"datePublished\":\"2025-02-25T19:29:31+00:00\",\"dateModified\":\"2025-07-22T19:44:36+00:00\",\"description\":\"cooperativas de habita\u00e7\u00e3o cohousing cooperativas de habita\u00e7\u00e3o envelhecimento ativo coop acasa portugal lisboa\",\"breadcrumb\":{\"@id\":\"https:\/\/www.coop-acasa.pt\/index.php\/servicos-habitacionais\/#breadcrumb\"},\"inLanguage\":\"pt-PT\",\"potentialAction\":[{\"@type\":\"ReadAction\",\"target\":[\"https:\/\/www.coop-acasa.pt\/index.php\/servicos-habitacionais\/\"]}]},{\"@type\":\"ImageObject\",\"inLanguage\":\"pt-PT\",\"@id\":\"https:\/\/www.coop-acasa.pt\/index.php\/servicos-habitacionais\/#primaryimage\",\"url\":\"https:\/\/www.coop-acasa.pt\/wp-content\/uploads\/2025\/02\/habitacionais1.png\",\"contentUrl\":\"https:\/\/www.coop-acasa.pt\/wp-content\/uploads\/2025\/02\/habitacionais1.png\"},{\"@type\":\"BreadcrumbList\",\"@id\":\"https:\/\/www.coop-acasa.pt\/index.php\/servicos-habitacionais\/#breadcrumb\",\"itemListElement\":[{\"@type\":\"ListItem\",\"position\":1,\"name\":\"In\u00edcio\",\"item\":\"https:\/\/www.coop-acasa.pt\/\"},{\"@type\":\"ListItem\",\"position\":2,\"name\":\"Servi\u00e7os Habitacionais\"}]},{\"@type\":\"WebSite\",\"@id\":\"https:\/\/www.coop-acasa.pt\/#website\",\"url\":\"https:\/\/www.coop-acasa.pt\/\",\"name\":\"HCAC\",\"description\":\"Habita\u00e7\u00e3o Colaborativa\",\"publisher\":{\"@id\":\"https:\/\/www.coop-acasa.pt\/#organization\"},\"potentialAction\":[{\"@type\":\"SearchAction\",\"target\":{\"@type\":\"EntryPoint\",\"urlTemplate\":\"https:\/\/www.coop-acasa.pt\/?s={search_term_string}\"},\"query-input\":{\"@type\":\"PropertyValueSpecification\",\"valueRequired\":true,\"valueName\":\"search_term_string\"}}],\"inLanguage\":\"pt-PT\"},{\"@type\":\"Organization\",\"@id\":\"https:\/\/www.coop-acasa.pt\/#organization\",\"name\":\"HCAC\",\"url\":\"https:\/\/www.coop-acasa.pt\/\",\"logo\":{\"@type\":\"ImageObject\",\"inLanguage\":\"pt-PT\",\"@id\":\"https:\/\/www.coop-acasa.pt\/#\/schema\/logo\/image\/\",\"url\":\"http:\/\/www.coop-acasa.pt\/wp-content\/uploads\/2024\/02\/cropped-logotipo-1.jpg\",\"contentUrl\":\"http:\/\/www.coop-acasa.pt\/wp-content\/uploads\/2024\/02\/cropped-logotipo-1.jpg\",\"width\":512,\"height\":512,\"caption\":\"HCAC\"},\"image\":{\"@id\":\"https:\/\/www.coop-acasa.pt\/#\/schema\/logo\/image\/\"}}]}<\/script>\n<!-- \/ Yoast SEO plugin. -->","yoast_head_json":{"title":"Servi\u00e7os Habitacionais - A Casa","description":"cooperativas de habita\u00e7\u00e3o cohousing cooperativas de habita\u00e7\u00e3o envelhecimento ativo coop acasa portugal lisboa","robots":{"index":"index","follow":"follow","max-snippet":"max-snippet:-1","max-image-preview":"max-image-preview:large","max-video-preview":"max-video-preview:-1"},"canonical":"https:\/\/www.coop-acasa.pt\/index.php\/servicos-habitacionais\/","schema":{"@context":"https:\/\/schema.org","@graph":[{"@type":"WebPage","@id":"https:\/\/www.coop-acasa.pt\/index.php\/servicos-habitacionais\/","url":"https:\/\/www.coop-acasa.pt\/index.php\/servicos-habitacionais\/","name":"Servi\u00e7os Habitacionais - A Casa","isPartOf":{"@id":"https:\/\/www.coop-acasa.pt\/#website"},"primaryImageOfPage":{"@id":"https:\/\/www.coop-acasa.pt\/index.php\/servicos-habitacionais\/#primaryimage"},"image":{"@id":"https:\/\/www.coop-acasa.pt\/index.php\/servicos-habitacionais\/#primaryimage"},"thumbnailUrl":"https:\/\/www.coop-acasa.pt\/wp-content\/uploads\/2025\/02\/habitacionais1.png","datePublished":"2025-02-25T19:29:31+00:00","dateModified":"2025-07-22T19:44:36+00:00","description":"cooperativas de habita\u00e7\u00e3o cohousing cooperativas de habita\u00e7\u00e3o envelhecimento ativo coop acasa portugal lisboa","breadcrumb":{"@id":"https:\/\/www.coop-acasa.pt\/index.php\/servicos-habitacionais\/#breadcrumb"},"inLanguage":"pt-PT","potentialAction":[{"@type":"ReadAction","target":["https:\/\/www.coop-acasa.pt\/index.php\/servicos-habitacionais\/"]}]},{"@type":"ImageObject","inLanguage":"pt-PT","@id":"https:\/\/www.coop-acasa.pt\/index.php\/servicos-habitacionais\/#primaryimage","url":"https:\/\/www.coop-acasa.pt\/wp-content\/uploads\/2025\/02\/habitacionais1.png","contentUrl":"https:\/\/www.coop-acasa.pt\/wp-content\/uploads\/2025\/02\/habitacionais1.png"},{"@type":"BreadcrumbList","@id":"https:\/\/www.coop-acasa.pt\/index.php\/servicos-habitacionais\/#breadcrumb","itemListElement":[{"@type":"ListItem","position":1,"name":"In\u00edcio","item":"https:\/\/www.coop-acasa.pt\/"},{"@type":"ListItem","position":2,"name":"Servi\u00e7os Habitacionais"}]},{"@type":"WebSite","@id":"https:\/\/www.coop-acasa.pt\/#website","url":"https:\/\/www.coop-acasa.pt\/","name":"HCAC","description":"Habita\u00e7\u00e3o Colaborativa","publisher":{"@id":"https:\/\/www.coop-acasa.pt\/#organization"},"potentialAction":[{"@type":"SearchAction","target":{"@type":"EntryPoint","urlTemplate":"https:\/\/www.coop-acasa.pt\/?s={search_term_string}"},"query-input":{"@type":"PropertyValueSpecification","valueRequired":true,"valueName":"search_term_string"}}],"inLanguage":"pt-PT"},{"@type":"Organization","@id":"https:\/\/www.coop-acasa.pt\/#organization","name":"HCAC","url":"https:\/\/www.coop-acasa.pt\/","logo":{"@type":"ImageObject","inLanguage":"pt-PT","@id":"https:\/\/www.coop-acasa.pt\/#\/schema\/logo\/image\/","url":"http:\/\/www.coop-acasa.pt\/wp-content\/uploads\/2024\/02\/cropped-logotipo-1.jpg","contentUrl":"http:\/\/www.coop-acasa.pt\/wp-content\/uploads\/2024\/02\/cropped-logotipo-1.jpg","width":512,"height":512,"caption":"HCAC"},"image":{"@id":"https:\/\/www.coop-acasa.pt\/#\/schema\/logo\/image\/"}}]}},"_links":{"self":[{"href":"https:\/\/www.coop-acasa.pt\/index.php\/wp-json\/wp\/v2\/pages\/993","targetHints":{"allow":["GET"]}}],"collection":[{"href":"https:\/\/www.coop-acasa.pt\/index.php\/wp-json\/wp\/v2\/pages"}],"about":[{"href":"https:\/\/www.coop-acasa.pt\/index.php\/wp-json\/wp\/v2\/types\/page"}],"author":[{"embeddable":true,"href":"https:\/\/www.coop-acasa.pt\/index.php\/wp-json\/wp\/v2\/users\/1"}],"replies":[{"embeddable":true,"href":"https:\/\/www.coop-acasa.pt\/index.php\/wp-json\/wp\/v2\/comments?post=993"}],"version-history":[{"count":11,"href":"https:\/\/www.coop-acasa.pt\/index.php\/wp-json\/wp\/v2\/pages\/993\/revisions"}],"predecessor-version":[{"id":1355,"href":"https:\/\/www.coop-acasa.pt\/index.php\/wp-json\/wp\/v2\/pages\/993\/revisions\/1355"}],"wp:attachment":[{"href":"https:\/\/www.coop-acasa.pt\/index.php\/wp-json\/wp\/v2\/media?parent=993"}],"curies":[{"name":"wp","href":"https:\/\/api.w.org\/{rel}","templated":true}]}}